ands digit of 330088?
3
What is the hundreds digit of 4399902?
9
What is the thousands digit of 4707645?
7
What is the millions digit of 30504607?
0
What is the ten thousands digit of 1356426?
5
What is the hundred thousands digit of 293360?
2
What is the millions digit of 2509084?
2
What is the hundred thousands digit of 189270?
1
What is the hundred thousands digit of 152688?
1
What is the hundreds digit of 23425?
4
What is the hundreds digit of 962779?
7
What is the ten millions digit of 11903088?
1
What is the thousands digit of 222047?
2
What is the thousands digit of 515374?
5
What is the thousands digit of 1171949?
1
What is the hundred thousands digit of 4523052?
5
What is the units digit of 2345127?
7
What is the ten thousands digit of 472127?
7
What is the tens digit of 457110?
1
What is the ten thousands digit of 7324692?
2
What is the millions digit of 17876731?
7
What is the tens digit of 25454545?
4
What is the hundred thousands digit of 1621335?
6
What is the hundreds digit of 1560942?
9
What is the thousands digit of 314367?
4
What is the thousands digit of 155344?
5
What is the hundred thousands digit of 1066043?
0
What is the tens digit of 23616979?
7
What is the hundreds digit of 5020548?
5
What is the hundred thousands digit of 2066638?
0
What is the hundreds digit of 194133?
1
What is the thousands digit of 5512644?
2
What is the thousands digit of 129531?
9
What is the thousands digit of 218655?
8
What is the tens digit of 2639?
3
What is the hundreds digit of 208896?
8
What is the tens digit of 9560588?
8
What is the millions digit of 38754255?
8
What is the hundred thousands digit of 154437?
1
What is the tens digit of 296534?
3
What is the thousands digit of 393353?
3
What is the hundreds digit of 959803?
8
What is the units digit of 2829205?
5
What is the thousands digit of 474933?
4
What is the ten thousands digit of 281001?
8
What is the ten thousands digit of 826696?
2
What is the hundreds digit of 237270?
2
What is the thousands digit of 368823?
8
What is the thousands digit of 14481603?
1
What is the ten thousands digit of 866437?
6
What is the ten thousands digit of 436912?
3
What is the units digit of 10686685?
5
What is the ten thousands digit of 1002238?
0
What is the units digit of 849820?
0
What is the ten thousands digit of 2477135?
7
What is the tens digit of 11533363?
6
What is the hundred thousands digit of 527804?
5
What is the tens digit of 438973?
7
What is the ten millions digit of 12143239?
1
What is the hundreds digit of 157386?
3
What is the hundreds digit of 6133336?
3
What is the hundreds digit of 3599835?
8
What is the tens digit of 1346072?
7
What is the millions digit of 16187123?
6
What is the tens digit of 4225785?
8
What is the hundreds digit of 192906?
9
What is the ten thousands digit of 805822?
0
What is the tens digit of 12870789?
8
What is the ten thousands digit of 1924566?
2
What is the ten thousands digit of 260030?
6
What is the thousands digit of 9602599?
2
What is the tens digit of 4420657?
5
What is the units digit of 2398710?
0
What is the tens digit of 107431?
3
What is the hundred thousands digit of 2466209?
4
What is the millions digit of 3456989?
3
What is the hundreds digit of 648301?
3
What is the thousands digit of 1254448?
4
What is the tens digit of 142637?
3
What is the millions digit of 9179457?
9
What is the hundred thousands digit of 215522?
2
What is the thousands digit of 3322785?
2
What is the tens digit of 585756?
5
What is the hundreds digit of 1659950?
9
What is the thousands digit of 1151054?
1
What is the ten thousands digit of 155421?
5
What is the tens digit of 3314163?
6
What is the tens digit of 6136324?
2
What is the units digit of 268916?
6
What is the hundred thousands digit of 4680310?
6
What is the hundreds digit of 555162?
1
What is the ten thousands digit of 241529?
4
What is the hundreds digit of 302359?
3
What is the thousands digit of 471516?
1
What is the ten thousands digit of 131027?
3
What is the ten thousands digit of 633113?
3
What is the units digit of 2487136?
6
What is the thousands digit of 125028?
5
What is the millions digit of 2457937?
2
What is the thousands digit of 58155?
8
What is the hundred thousands digit of 1659075?
6
What is the ten thousands digit of 26392527?
9
What is the hundreds digit of 353271?
2
What is the units digit of 677379?
9
What is the hundred thousands digit of 223998?
2
What is the hundred thousands digit of 366190?
3
What is the units digit of 870759?
9
What is the hundreds digit of 1890387?
3
What is the units digit of 936730?
0
What is the hundred thousands digit of 21984735?
9
What is the units digit of 2800376?
6
What is the ten thousands digit of 14408779?
0
What is the hundred thousands digit of 909036?
9
What is the tens digit of 349511?
1
What is the ten thousands digit of 5536924?
3
What is the hundred thousands digit of 615932?
6
What is the tens digit of 213287?
8
What is the hundreds digit of 4724979?
9
What is the hundreds digit of 309291?
2
What is the hundreds digit of 741602?
6
What is the tens digit of 11825453?
5
What is the hundred thousands digit of 9959035?
9
What is the units digit of 2474426?
6
What is the thousands digit of 180315?
0
What is the tens digit of 2612296?
9
What is the millions digit of 1292635?
1
What is the tens digit of 119367?
6
What is the millions digit of 4126839?
4
What is the hundred thousands digit of 19521430?
5
What is the hundreds digit of 1556106?
1
What is the hundreds digit of 27750?
7
What is the tens digit of 1754724?
2
What is the thousands digit of 2843121?
3
What is the ten thousands digit of 18223965?
2
What is the hundred thousands digit of 137049?
1
What is the tens digit of 84082?
8
What is the ten thousands digit of 1336778?
3
What is the hundreds digit of 1299613?
6
What is the hundreds digit of 9432704?
7
What is the millions digit of 3009673?
3
What is the hundreds digit of 14214069?
0
What is the thousands digit of 5173626?
3
What is the ten thousands digit of 356565?
5
What is the units digit of 34640?
0
What is the thousands digit of 512232?
2
What is the millions digit of 6811280?
6
What is the millions digit of 4311321?
4
What is the tens digit of 25665129?
2
What is the tens digit of 177342?
4
What is the ten thousands digit of 247491?
4
What is the millions digit of 15224638?
5
What is the hundreds digit of 412185?
1
What is the ten thousands digit of 2237429?
3
What is the thousands digit of 32199799?
9
What is the millions digit of 4813436?
4
What is the ten thousands digit of 3235120?
3
What is the thousands digit of 10911291?
1
What is the hundred thousands digit of 14177964?
1
What is the units digit of 236321?
1
What is the units digit of 22486?
6
What is the hundreds digit of 120695?
6
What is the units digit of 160922?
2
What is the hundreds digit of 10581636?
6
What is the units digit of 3075347?
7
What is the hundreds digit of 9765?
7
What is the ten thousands digit of 215294?
1
What is the thousands digit of 199463?
9
What is the tens digit of 237507?
0
What is the hundreds digit of 2925048?
0
What is the units digit of 51884?
4
What is the ten thousands digit of 119317?
1
What is the tens digit of 234660?
6
What is the tens digit of 17551360?
6
What is the tens digit of 5814024?
2
What is the tens digit of 237384?
8
What is the thousands digit of 12817321?
7
What is the millions digit of 2606177?
2
What is the thousands digit of 542759?
2
What is the hundreds digit of 2658131?
1
What is the hundreds digit of 1784411?
4
What is the units digit of 3590116?
6
What is the hundreds digit of 331583?
5
What is the hundreds digit of 9584511?
5
What is the thousands digit of 85943?
5
What is the units digit of 53642?
2
What is the tens digit of 227877?
7
What is the hundred thousands digit of 462303?
4
What is the hundred thousands digit of 156702?
1
What is the units digit of 4641359?
9
What is the hundred thousands digit of 6683294?
6
What is the millions digit of 8473711?
8
What is the millions digit of 4384266?
4
What is the hundreds digit of 12228844?
8
What is the hundreds digit of 4348662?
6
What is the hundred thousands digit of 3671659?
6
What is the ten thousands digit of 2186791?
8
What is the ten thousands digi